{"id":576255,"date":"2023-02-10T13:05:15","date_gmt":"2023-02-10T11:05:15","guid":{"rendered":"https:\/\/www.voller.ee\/tuotanto\/pakutavad-tooted\/"},"modified":"2023-03-27T14:37:48","modified_gmt":"2023-03-27T11:37:48","slug":"tarjotut-tuotteet","status":"publish","type":"page","link":"https:\/\/www.voller.ee\/fi\/tuotanto\/tarjotut-tuotteet\/","title":{"rendered":"Tarjottavat tuotteet"},"content":{"rendered":"<div class=\"flex_column av_one_full  flex_column_div first  avia-builder-el-0  avia-builder-el-no-sibling  \" style='padding:0px 0px 0px 0px ; border-radius:0px; '><p><div  style='padding-bottom:10px; color:#da0041;font-size:28px;' class='av-special-heading av-special-heading-h1 custom-color-heading blockquote modern-quote  avia-builder-el-1  el_before_av_textblock  avia-builder-el-first  av-inherit-size '><h1 class='av-special-heading-tag '  itemprop=\"headline\"  >Tarjottavat puutuotteet<\/h1><div class='special-heading-border'><div class='special-heading-inner-border' style='border-color:#da0041'><\/div><\/div><\/div><br \/>\n<section class=\"av_textblock_section \"  itemscope=\"itemscope\" itemtype=\"https:\/\/schema.org\/CreativeWork\" ><div class='avia_textblock  '   itemprop=\"text\" ><p><strong>Voller valmistaa puus\u00e4le-elementtej\u00e4 sek\u00e4 sis\u00e4kattojen ett\u00e4 seinien p\u00e4\u00e4llyst\u00e4miseen ja tilojen erotteluun.<\/strong><\/p>\n<p>Puus\u00e4leit\u00e4 voimme valmistaa joko t\u00e4yspuusta (koivu, m\u00e4nty, tammi ym.) tai my\u00f6s viilutetusta materiaalista. S\u00e4leiden pintak\u00e4sittelymahdollisuuksia ovat niiden lakkaaminen, petsaaminen, vahaaminen tai maalaaminen, ja tarvittaessa lis\u00e4\u00e4mme palonestoainek\u00e4sittelyn. S\u00e4leiden taustaksi kiinnit\u00e4mme akustisen kankaan (musta, harmaa, valkoinen) vaneriliuskoilla tai pintak\u00e4sitellyn levyn.<\/p>\n<p>S\u00e4leiden mitat ja v\u00e4lit ovat vapaasti valittavissa. Mittoja suunniteltaessa ja t\u00f6it\u00e4 suoritettaessa tulee ottaa huomioon raaka-aineen mitat, valmistusmahdollisuudet, moduulien pakkaaminen, asennuspaikkaan kuljettaminen ja asennusty\u00f6t. Luo lis\u00e4\u00e4 <a href=\"https:\/\/www.voller.ee\/fi\/alakatot\/puukatot\/\">t\u00e4st\u00e4!<\/a><\/p>\n<p><strong>Vollerin myyntisalissa<\/strong> voi tutustua paikan p\u00e4\u00e4ll\u00e4 puus\u00e4len\u00e4ytteisiin. Esitteill\u00e4 on erilaisia s\u00e4lemittoja, n\u00e4ytekappaleita s\u00e4lev\u00e4leineen ja lis\u00e4materiaaleineen, jotka antavat hyv\u00e4n n\u00e4kemyksen sek\u00e4 visuaalisesti ett\u00e4 ominaisuuksiltaan erilaisista ratkaisuista. Tule tutustumaan!<\/p>\n<div id=\"attachment_575017\" style=\"width: 1220px\" class=\"wp-caption alignleft\"><img loading=\"lazy\" decoding=\"async\" aria-describedby=\"caption-attachment-575017\" class=\"size-entry_without_sidebar wp-image-575017\" src=\"https:\/\/www.voller.ee\/wp-content\/uploads\/2023\/01\/voller_puitribi_naidised_1-1210x423.jpg\" alt=\"\" width=\"1210\" height=\"423\" \/><p id=\"caption-attachment-575017\" class=\"wp-caption-text\">N\u00e4ytteit\u00e4 Voller-puus\u00e4leist\u00e4<\/p><\/div>\n<\/div><\/section><br \/>\n<div  id=\"avia-timeline-1\"  class='avia-timeline-container    avia-builder-el-3  el_after_av_textblock  avia-builder-el-last ' ><ul class='avia-timeline avia-timeline-vertical av-milestone-placement-left avia-timeline- avia_animate_when_almost_visible avia-timeline-animate'>\n<li  class='av-milestone av-animated-generic fade-in av-milestone-odd  av-milestone-valign-baseline '><h2 class='av-milestone-date  ' style='font-size:,px; ' id='milestone-puusaleseinat'><strong>PUUS\u00c4LESEIN\u00c4T<span class='av-milestone-indicator'><\/span><\/strong><\/h2><div class=\"av-milestone-icon-wrap\"><span class='milestone_icon milestone-icon-hasborder' ><span class='milestone_inner' style='background-image:url(https:\/\/www.voller.ee\/wp-content\/uploads\/2023\/02\/voller_tooted_ribiseinad_ikoon.png); '>&nbsp;<\/span><\/span><\/div><article class='av-milestone-content-wrap'><div class='av-milestone-contentbox' ><div class='av-milestone-content' ><p>Sein\u00e4moduulit ovat s\u00e4\u00e4nn\u00f6nmukaisesti mitoiltaan 600 \u00d7 1200 -2 400 mm kokoisia, mutta pitempi\u00e4kin on mahdollista valmistaa.<\/p>\n<p>Puus\u00e4leiden yleisimm\u00e4t mitat ovat 28 x 28 mm, 33 x 33 mm ja 45 x 45 mm.<\/p>\n<p>Sein\u00e4moduulien t\u00e4rkein asennustapa on ruuvikiinnityksell\u00e4 alusrunkoon.<\/p>\n<\/div><\/div><footer  class='entry-footer'><\/footer><\/article><\/li>\n<li  class='av-milestone av-animated-generic fade-in av-milestone-even  av-milestone-valign-baseline '><h2 class='av-milestone-date  ' style='font-size:,px; ' id='milestone-puusalekatot'><strong>PUUS\u00c4LEKATOT<span class='av-milestone-indicator'><\/span><\/strong><\/h2><div class=\"av-milestone-icon-wrap\"><span class='milestone_icon milestone-icon-hasborder' ><span class='milestone_inner' style='background-image:url(https:\/\/www.voller.ee\/wp-content\/uploads\/2023\/02\/voller_tooted_ribilaed_ikoon.png); '>&nbsp;<\/span><\/span><\/div><article class='av-milestone-content-wrap'><div class='av-milestone-contentbox' ><div class='av-milestone-content' ><p>Sis\u00e4kattomoduulit valmistetaan p\u00e4\u00e4s\u00e4\u00e4nt\u00f6isesti 600 x 600 mm ja 600 x 1200 mm kokoisina, se helpottaa niiden asennusta, mutta my\u00f6s muut mitat ovat mahdollisia.<\/p>\n<p>S\u00e4leiden yleisimm\u00e4t mitat ovat 18 x 28 mm, 28 x 28 mm, 20 x 40 mm, 15 x 45 mm.<\/p>\n<p>Sis\u00e4kattomoduulien t\u00e4rkeimpin\u00e4 asennustapoina k\u00e4ytet\u00e4\u00e4n ruuvikiinnityst\u00e4 alusrunkoon tai moduulialakaton T24-runkoon.<\/p>\n<\/div><\/div><footer  class='entry-footer'><\/footer><\/article><\/li>\n<\/ul><\/div><\/p><\/div>\n","protected":false},"excerpt":{"rendered":"","protected":false},"author":5,"featured_media":0,"parent":576225,"menu_order":2,"comment_status":"closed","ping_status":"closed","template":"","meta":{"_acf_changed":false,"footnotes":"","_links_to":"","_links_to_target":""},"class_list":["post-576255","page","type-page","status-publish","hentry"],"acf":[],"_links":{"self":[{"href":"https:\/\/www.voller.ee\/fi\/wp-json\/wp\/v2\/pages\/576255","targetHints":{"allow":["GET"]}}],"collection":[{"href":"https:\/\/www.voller.ee\/fi\/wp-json\/wp\/v2\/pages"}],"about":[{"href":"https:\/\/www.voller.ee\/fi\/wp-json\/wp\/v2\/types\/page"}],"author":[{"embeddable":true,"href":"https:\/\/www.voller.ee\/fi\/wp-json\/wp\/v2\/users\/5"}],"replies":[{"embeddable":true,"href":"https:\/\/www.voller.ee\/fi\/wp-json\/wp\/v2\/comments?post=576255"}],"version-history":[{"count":5,"href":"https:\/\/www.voller.ee\/fi\/wp-json\/wp\/v2\/pages\/576255\/revisions"}],"predecessor-version":[{"id":576408,"href":"https:\/\/www.voller.ee\/fi\/wp-json\/wp\/v2\/pages\/576255\/revisions\/576408"}],"up":[{"embeddable":true,"href":"https:\/\/www.voller.ee\/fi\/wp-json\/wp\/v2\/pages\/576225"}],"wp:attachment":[{"href":"https:\/\/www.voller.ee\/fi\/wp-json\/wp\/v2\/media?parent=576255"}],"curies":[{"name":"wp","href":"https:\/\/api.w.org\/{rel}","templated":true}]}}

<div class="flex_column av_one_full  flex_column_div first  avia-builder-el-0  avia-builder-el-no-sibling  " style='padding:0px 0px 0px 0px ; border-radius:0px; '><p><div  style='padding-bottom:10px; color:#da0041;font-size:28px;' class='av-special-heading av-special-heading-h1 custom-color-heading blockquote modern-quote  avia-builder-el-1  el_before_av_textblock  avia-builder-el-first  av-inherit-size '><h1 class='av-special-heading-tag '  itemprop="headline"  >Tarjottavat puutuotteet</h1><div class='special-heading-border'><div class='special-heading-inner-border' style='border-color:#da0041'></div></div></div><br />
<section class="av_textblock_section "  itemscope="itemscope" itemtype="https://schema.org/CreativeWork" ><div class='avia_textblock  '   itemprop="text" ><p><strong>Voller valmistaa puusäle-elementtejä sekä sisäkattojen että seinien päällystämiseen ja tilojen erotteluun.</strong></p>
<p>Puusäleitä voimme valmistaa joko täyspuusta (koivu, mänty, tammi ym.) tai myös viilutetusta materiaalista. Säleiden pintakäsittelymahdollisuuksia ovat niiden lakkaaminen, petsaaminen, vahaaminen tai maalaaminen, ja tarvittaessa lisäämme palonestoainekäsittelyn. Säleiden taustaksi kiinnitämme akustisen kankaan (musta, harmaa, valkoinen) vaneriliuskoilla tai pintakäsitellyn levyn.</p>
<p>Säleiden mitat ja välit ovat vapaasti valittavissa. Mittoja suunniteltaessa ja töitä suoritettaessa tulee ottaa huomioon raaka-aineen mitat, valmistusmahdollisuudet, moduulien pakkaaminen, asennuspaikkaan kuljettaminen ja asennustyöt. Luo lisää <a href="https://www.voller.ee/fi/alakatot/puukatot/">tästä!</a></p>
<p><strong>Vollerin myyntisalissa</strong> voi tutustua paikan päällä puusälenäytteisiin. Esitteillä on erilaisia sälemittoja, näytekappaleita säleväleineen ja lisämateriaaleineen, jotka antavat hyvän näkemyksen sekä visuaalisesti että ominaisuuksiltaan erilaisista ratkaisuista. Tule tutustumaan!</p>
<div id="attachment_575017" style="width: 1220px" class="wp-caption alignleft"><img loading="lazy" decoding="async" aria-describedby="caption-attachment-575017" class="size-entry_without_sidebar wp-image-575017" src="https://www.voller.ee/wp-content/uploads/2023/01/voller_puitribi_naidised_1-1210x423.jpg" alt="" width="1210" height="423" /><p id="caption-attachment-575017" class="wp-caption-text">Näytteitä Voller-puusäleistä</p></div>
</div></section><br />
<div  id="avia-timeline-1"  class='avia-timeline-container    avia-builder-el-3  el_after_av_textblock  avia-builder-el-last ' ><ul class='avia-timeline avia-timeline-vertical av-milestone-placement-left avia-timeline- avia_animate_when_almost_visible avia-timeline-animate'>
<li  class='av-milestone av-animated-generic fade-in av-milestone-odd  av-milestone-valign-baseline '><h2 class='av-milestone-date  ' style='font-size:,px; ' id='milestone-puusaleseinat'><strong>PUUSÄLESEINÄT<span class='av-milestone-indicator'></span></strong></h2><div class="av-milestone-icon-wrap"><span class='milestone_icon milestone-icon-hasborder' ><span class='milestone_inner' style='background-image:url(https://www.voller.ee/wp-content/uploads/2023/02/voller_tooted_ribiseinad_ikoon.png); '>&nbsp;</span></span></div><article class='av-milestone-content-wrap'><div class='av-milestone-contentbox' ><div class='av-milestone-content' ><p>Seinämoduulit ovat säännönmukaisesti mitoiltaan 600 × 1200 -2 400 mm kokoisia, mutta pitempiäkin on mahdollista valmistaa.</p>
<p>Puusäleiden yleisimmät mitat ovat 28 x 28 mm, 33 x 33 mm ja 45 x 45 mm.</p>
<p>Seinämoduulien tärkein asennustapa on ruuvikiinnityksellä alusrunkoon.</p>
</div></div><footer  class='entry-footer'></footer></article></li>
<li  class='av-milestone av-animated-generic fade-in av-milestone-even  av-milestone-valign-baseline '><h2 class='av-milestone-date  ' style='font-size:,px; ' id='milestone-puusalekatot'><strong>PUUSÄLEKATOT<span class='av-milestone-indicator'></span></strong></h2><div class="av-milestone-icon-wrap"><span class='milestone_icon milestone-icon-hasborder' ><span class='milestone_inner' style='background-image:url(https://www.voller.ee/wp-content/uploads/2023/02/voller_tooted_ribilaed_ikoon.png); '>&nbsp;</span></span></div><article class='av-milestone-content-wrap'><div class='av-milestone-contentbox' ><div class='av-milestone-content' ><p>Sisäkattomoduulit valmistetaan pääsääntöisesti 600 x 600 mm ja 600 x 1200 mm kokoisina, se helpottaa niiden asennusta, mutta myös muut mitat ovat mahdollisia.</p>
<p>Säleiden yleisimmät mitat ovat 18 x 28 mm, 28 x 28 mm, 20 x 40 mm, 15 x 45 mm.</p>
<p>Sisäkattomoduulien tärkeimpinä asennustapoina käytetään ruuvikiinnitystä alusrunkoon tai moduulialakaton T24-runkoon.</p>
</div></div><footer  class='entry-footer'></footer></article></li>
</ul></div></p></div>
